lculate the greatest common factor of 39 and g.
13
Suppose 4*x = -0*x - 432. Let y = -148 + 340. Let n = x + y. What is the highest common factor of n and 12?
12
Let h(x) = -x**2 - 8*x - 8. Let y be h(-6). Let j = 18 - y. Suppose 193 = 5*z + 53. What is the greatest common factor of j and z?
14
Suppose -5*g + 12 = -2*z, -1 = -3*g + z - 6*z. Let l = -6037 + 6047. Calculate the greatest common factor of l and g.
2
Let w be (4*-7)/((-10)/25). What is the highest common factor of 175 and w?
35
Let a = -57 + 65. Let c = a + -1. Calculate the greatest common divisor of c and 56.
7
Suppose -172 = -5*f + 88. Suppose 3*s = 120 - 42. Calculate the highest common divisor of s and f.
26
Let g = -33 - -35. Suppose g*q = 5*b + 3, 5*b + q = -0*b + 9. Calculate the greatest common divisor of b and 8.
1
Suppose 7*r - r = 510. Let k = r - 81. What is the greatest common divisor of 1 and k?
1
Let f be (-4 - (2 - 6)) + 3. Suppose 14 = f*i - 10. What is the greatest common factor of i and 2?
2
Let w(g) = g**2 - 2*g - 23. Let v be w(-7). Suppose -v = 10*i - 15*i. Calculate the greatest common factor of i and 6.
2
Let m(z) = -53*z**3 - 2*z + 1. Let u be m(1). Let t = u + 67. Calculate the highest common factor of t and 13.
13
Let d be (-1 - 3) + 16/(4/2). What is the highest common factor of d and 256?
4
Let w(j) = -16*j + 139. Let s be w(7). Calculate the greatest common divisor of s and 513.
27
Let w(g) = 1 - 5*g**2 - 6*g - 11*g**3 + 12*g**3 + 0*g**2. Suppose -2*h + 1 = -13. Let f be w(h). What is the highest common divisor of f and 19?
19
Let l(v) = v**2 + 12*v + 36. Let c be l(-9). Calculate the greatest common factor of 45 and c.
9
Suppose k + 3*u = -12, -2*k - 7*u + 5*u = 4. Suppose -5*i - k = -18. Calculate the greatest common factor of i and 9.
3
Let f = -121 - -56. Let o = f + 142. Let b be (-2)/(2 - 16/7). Calculate the greatest common factor of o and b.
7
Let r be (-876)/(-60) - 2/(-5). Calculate the highest common divisor of 75 and r.
15
Let r be 1266/(-66) - 4/(-22). Let p = r - -37. Suppose -3 = 3*f, p = o - 0*o - 4*f. Calculate the greatest common divisor of 126 and o.
14
Suppose 4*j - 5*x = 13, -3*x = 3*j - 1 - 2. Let r be (-4)/(-20) - 79/(-5). What is the greatest common factor of j and r?
2
Let k(y) = y**3 - 6*y**2 - 12*y + 12. Let x be k(7). Let u(h) = -h**3 - 22*h**2 + 14*h - 57. Let l be u(x). Calculate the greatest common factor of 15 and l.
15
Let z(v) = 3*v**2 + 23*v - 225. Let d be z(6). Calculate the highest common factor of d and 399.
21
Let f be 1*(1 + 0)*-1. Let p be (-1*1)/(f/7). Suppose -3*r + 147*b - 143*b = -156, -2*r + 2*b = -106. Calculate the greatest common factor of r and p.
7
Let k = 167 - 154. What is the greatest common factor of k and 403?
13
Suppose -8*r = -87 - 81. Let p be 2/4*(-7 - 205). Let t = p + 337. What is the greatest common factor of t and r?
21
Let o be -6 + ((-1859)/(-99) - (-2)/9). What is the greatest common factor of o and 65?
13
Suppose 5*p - 4*t - 42 = 90, 4*t - 36 = -p. What is the highest common factor of 14 and p?
14
Suppose -30 + 10 = -2*n. Let m(p) = -p**2 + 13*p + 33. Let l be m(n). Calculate the greatest common factor of l and 9.
9
Let n(w) = -w - 6. Let d be n(-9). Let p be (-1)/(d + 1385/(-460)). What is the highest common factor of 23 and p?
23
Suppose -4*z + 157 = 3*h, h + 5*z = 4*h - 175. Calculate the highest common factor of h and 44.
11
Let i(f) = -f**3 + 14*f**2 - 33*f + 9. Let t be i(11). What is the highest common divisor of 171 and t?
9
Suppose 2*o = -3*q + 5, 4 = -3*q + 1. Suppose 3*l - 54 = -2*i - 0*l, -5*i = o*l - 121. Calculate the greatest common factor of i and 21.
21
Let c(z) = -z**2 + 27*z - 32. Let m be c(7). What is the highest common divisor of 27 and m?
27
Let l be -2*(-3)/(-27) + 132/108. Calculate the highest common factor of l and 9.
1
Suppose -14*j + 7*j = -154. Suppose -u + 0*u + j = t, -2*t + 2*u = -24. Calculate the highest common factor of t and 187.
17
Let z(s) = 3*s + 20. Suppose -53*f - 12 = -56*f. Let c be z(f). Calculate the greatest common divisor of c and 2.
2
Suppose -8*r + 113 - 17 = 0. Suppose -5*w = -0*w - 540. What is the greatest common divisor of r and w?
12
Let g = 17 - 15. Let a be -1 + g + -1 + 3. What is the highest common factor of 9 and a?
3
Let p(i) = i**2 + 2*i - 5. Suppose -n + 3 = -2. Let f be p(n). What is the greatest common factor of f and 12?
6
Let g(y) = -4*y + 20. Let p be g(0). What is the greatest common factor of p and 16?
4
Let o be 52/(1*2) + 1799 + -1807. Let j(n) = 8*n**2 - 9*n. Let q be j(6). What is the greatest common factor of o and q?
18
Let g(y) = y**2 - 12*y + 8. Let d be g(13). Let p be (-1 + d)/(7 - 5). Calculate the highest common factor of p and 5.
5
Let k = -161 + 226. What is the greatest common factor of 40 and k?
5
Suppose 63*l = 81*l - 3024. Let v = -28 - -42. Calculate the greatest common divisor of l and v.
14
Let p = 1560 + -1413. What is the greatest common factor of 273 and p?
21
Let z(a) = 91*a - 39. Let w(f) = 2*f. Let b(j) = 39*w(j) - z(j). Let s be b(-5). Calculate the greatest common divisor of 8 and s.
8
Suppose 555 = 3*i + 4*v - 7*v, 4*i = -2*v + 722. Calculate the highest common factor of i and 1183.
91
Suppose -2295 = -128*y + 777. What is the greatest common divisor of y and 348?
12
Suppose 3*n = k + 73, n - 2*k - 21 = -k. Calculate the highest common factor of 26 and n.
26
Let u(y) = 2*y**2 - 24*y + 17. Let c be u(13). What is the highest common factor of 559 and c?
43
Let p(i) = -8*i - 12. Let m be p(-10). Let d be (m/20 - 3)*5. Suppose -4*n + d*s = -88, 3*s = -3*n - s + 88. What is the highest common divisor of 168 and n?
24
Let t(x) = x**3 + 12 + x**2 - 3*x - 8 - 6. Let v be t(4). What is the highest common factor of 12 and v?
6
Let v be ((-11)/22)/((-2)/(-12)) + 303. What is the highest common divisor of v and 75?
75
Suppose 3 = -5*r + 23. Let k(a) = a**2 - 24*a + 24. Suppose 6*c = -c + 161. Let s be k(c). What is the greatest common divisor of r and s?
1
Let u = -9 + 11. Suppose -u*c - d + 7 = 0, 4*d = -c + 1 + 20. Calculate the highest common divisor of 4 and c.
1
Let x(q) = -q. Let w(j) = -j**2 - 13*j + 10. Let h(r) = -w(r) + 5*x(r). Let u be h(-10). What is the greatest common factor of 15 and u?
5
Suppose 22 - 72 = -i + 5*h, 0 = -3*i + 3*h + 114. Let q = i - 34. Calculate the highest common divisor of q and 1.
1
Let o(k) = k**3 - 27*k**2 + 20*k + 38. Let y be o(26). Let h = -93 - y. Calculate the highest common factor of 25 and h.
25
Let f(b) = -b**2 - 16*b + 374. Let y be f(11). Calculate the highest common factor of y and 2387.
77
Let q(o) = o**3 - 2 - 7 - 16*o**2 + 36*o - 19*o. Let u be q(15). Calculate the greatest common divisor of u and 231.
21
Suppose 4*f = 8*f. Let h = 2 + f. Let x = 14 + h. What is the greatest common factor of x and 144?
16
Suppose -j - 5*t + 36 = 0, -3*j + 27 = -t - 113. What is the greatest common factor of j and 575?
23
Let m(r) = r**3 + r**2 - 4*r + 46. Let t be m(0). What is the highest common factor of 2 and t?
2
Suppose 4*i - 30 = i. Let o(g) = g - 3. Let r be o(3). Suppose r = -6*j + 4*j + 160. What is the greatest common divisor of j and i?
10
Suppose 3*w = -4*f + 147, 0 = 16*f - 11*f + 4*w - 183. What is the highest common divisor of 273 and f?
39
Let f = -728 + 788. What is the greatest common factor of f and 460?
20
Let r be (-51 + (-3 - 0))*-2. Let f be ((-40)/(-30))/(3/r). Calculate the highest common factor of 432 and f.
48
Let h be (3/(-6) + 2)*2. Suppose 0 = -h*s - 3*m + 60, 4*s + 52 = 6*s + 5*m. Calculate the greatest common divisor of 64 and s.
16
Let l(t) = 65*t**2 + t + 2. Let f be l(-1). Suppose f = -2*h + 68. What is the highest common factor of 8 and h?
1
Suppose -20*w - 8 + 48 = 0. Calculate the greatest common factor of 5 and w.
1
Let k = 2 - 2. Let b = k - -2. Let t be ((-378)/(-81))/((-2)/(-6)). What is the greatest common factor of t and b?
2
Let v = -132 + 144. What is the highest common factor of v and 42?
6
Suppose 3*v = 16 + 59. Suppose 2*d + 5 = -0*d - 3*g, 0 = -5*g - v. Let u(q) = -12*q - 31. Let j be u(-3). Calculate the greatest common factor of j and d.
5
Suppose 0 = 13*n + 269 - 1088. Let y be (72/(-14))/(28/(-98)). What is the highest common divisor of n and y?
9
Let r(n) = n**3 - 8*n**2 + 6*n - 27. Let p be r(8). What i